{"id":19,"date":"2022-02-08T07:25:08","date_gmt":"2022-02-08T06:25:08","guid":{"rendered":"http:\/\/newczozz.ugporaj.pl\/?page_id=19"},"modified":"2025-02-14T10:05:58","modified_gmt":"2025-02-14T09:05:58","slug":"zarzad","status":"publish","type":"page","link":"http:\/\/czozz.ugporaj.pl\/?page_id=19","title":{"rendered":"Zarz\u0105d"},"content":{"rendered":"<table border=\"0\" width=\"678\" cellspacing=\"0\" cellpadding=\"0\">\n<tbody>\n<tr>\n<td class=\"imTD cbkc6 cbct1 cbcl1\" valign=\"middle\">\n<p class=\"imAlign_left\"><strong><span class=\"ff2 fc0 fs10 \">Prezes<\/span><\/strong><\/p>\n<\/td>\n<td class=\"imTD cbkc6 cbct1 cbcl1\" valign=\"middle\">\n<p class=\"imAlign_left\"><span class=\"ff3 fc0 fs10 \">Piotr Klimecki<\/span><\/p>\n<\/td>\n<td class=\"imTD cbkc6 cbct1 cbcl1 cbcr1\" valign=\"middle\">\n<p class=\"imAlign_center\"><span class=\"ff3 fc0 fs10 \">506 206 386<\/span><\/p>\n<\/td>\n<\/tr>\n<tr>\n<td class=\"imTD cbkc6 cbct1 cbcl1\" valign=\"middle\">\n<p class=\"imAlign_left\"><strong><span class=\"ff2 fc0 fs10 \">Wiceprezes ds Organizacyjnych<\/span><\/strong><\/p>\n<\/td>\n<td class=\"imTD cbkc6 cbct1 cbcl1\" valign=\"middle\">\n<p class=\"imAlign_left\"><span class=\"ff3 fc0 fs10 \">Adam Zaczkowski<\/span><\/p>\n<\/td>\n<td class=\"imTD cbkc6 cbct1 cbcl1 cbcr1\" valign=\"middle\">\n<p class=\"imAlign_center\"><span class=\"ff3 fc0 fs10 \">606 442 709<\/span><\/p>\n<\/td>\n<\/tr>\n<tr>\n<td class=\"imTD cbkc6 cbct1 cbcl1\" valign=\"middle\">\n<p class=\"imAlign_left\"><strong><span class=\"ff2 fc0 fs10 \">Wiceprezes ds Szkolenia<\/span><\/strong><\/p>\n<\/td>\n<td class=\"imTD cbkc6 cbct1 cbcl1\" valign=\"middle\">\n<p class=\"imAlign_left\"><span class=\"ff3 fc0 fs10 \">Ma\u0142gorzata Kamieniecka<\/span><\/p>\n<\/td>\n<td class=\"imTD cbkc6 cbct1 cbcl1 cbcr1\" valign=\"middle\">\n<p class=\"imAlign_center\"><span class=\"ff3 fc0 fs10 \">666 025 877<\/span><\/p>\n<\/td>\n<\/tr>\n<tr>\n<td class=\"imTD cbkc6 cbct1 cbcl1\" valign=\"middle\">\n<p class=\"imAlign_left\"><strong><span class=\"ff2 fc0 fs10 \">Wiceprezes ds Technicznych<\/span><\/strong><\/p>\n<\/td>\n<td class=\"imTD cbkc6 cbct1 cbcl1\" valign=\"middle\">\n<p class=\"imAlign_left\"><span class=\"ff3 fc0 fs10 \">Mateusz Jura<\/span><\/p>\n<\/td>\n<td class=\"imTD cbkc6 cbct1 cbcl1 cbcr1\" valign=\"middle\">\n<p class=\"imAlign_center\">\n<\/td>\n<\/tr>\n<tr>\n<td class=\"imTD cbkc6 cbct1 cbcl1\" valign=\"middle\">\n<p class=\"imAlign_left\"><strong><span class=\"ff2 fc0 fs10 \">Wiceprezes ds\u00a0<\/span><span class=\"ff3 fc0 fs10 \">Sportu<\/span><\/strong><\/p>\n<\/td>\n<td class=\"imTD cbkc6 cbct1 cbcl1\" valign=\"middle\">\n<p class=\"imAlign_left\"><span class=\"ff3 fc2 fs10 \">Piotr Cie\u015blak<\/span><\/p>\n<\/td>\n<td class=\"imTD cbkc6 cbct1 cbcl1 cbcr1\" valign=\"middle\">\n<p class=\"imAlign_center\"><span class=\"ff3 fc2 fs10 \">536 394 200<\/span><\/p>\n<\/td>\n<\/tr>\n<tr>\n<td class=\"imTD cbkc6 cbct1 cbcl1\" valign=\"middle\">\n<p class=\"imAlign_left\"><strong><span class=\"ff3 fc0 fs10 \">Sekretarz<\/span><\/strong><\/p>\n<\/td>\n<td class=\"imTD cbkc6 cbct1 cbcl1\" valign=\"middle\">\n<p class=\"imAlign_left\"><span class=\"ff3 fc0 fs10 \">Dagmara Michalec<\/span><\/p>\n<\/td>\n<td class=\"imTD cbkc6 cbct1 cbcl1 cbcr1\" valign=\"middle\">\n<p class=\"imAlign_center\"><span class=\"ff3 fc0 fs10 \">795 924 101<\/span><\/p>\n<\/td>\n<\/tr>\n<tr>\n<td class=\"imTD cbkc6 cbct1 cbcl1\" valign=\"middle\">\n<p class=\"imAlign_left\"><strong><span class=\"ff3 fc0 fs10 \">Skarbnik<\/span><\/strong><\/p>\n<\/td>\n<td class=\"imTD cbkc6 cbct1 cbcl1\" valign=\"middle\">\n<p class=\"imAlign_left\"><span class=\"ff3 fc2 fs10 \">Hubert \u015awierczy\u0144ski\u00a0<\/span><\/p>\n<\/td>\n<td class=\"imTD cbkc6 cbct1 cbcl1 cbcr1\" valign=\"middle\">\n<p class=\"imAlign_center\">\n<\/td>\n<\/tr>\n<\/tbody>\n<\/table>\n","protected":false},"excerpt":{"rendered":"<p>Prezes Piotr Klimecki 506 206 386 Wiceprezes ds Organizacyjnych Adam Zaczkowski 606 442 709 Wiceprezes ds Szkolenia Ma\u0142gorzata Kamieniecka 666 025 877 Wiceprezes ds Technicznych Mateusz Jura Wiceprezes ds\u00a0Sportu Piotr Cie\u015blak 536 394 200 Sekretarz Dagmara Michalec 795 924 101 Skarbnik Hubert \u015awierczy\u0144ski\u00a0<\/p>\n","protected":false},"author":1,"featured_media":0,"parent":0,"menu_order":0,"comment_status":"closed","ping_status":"closed","template":"","meta":{"footnotes":""},"class_list":["post-19","page","type-page","status-publish","hentry"],"_links":{"self":[{"href":"http:\/\/czozz.ugporaj.pl\/index.php?rest_route=\/wp\/v2\/pages\/19","targetHints":{"allow":["GET"]}}],"collection":[{"href":"http:\/\/czozz.ugporaj.pl\/index.php?rest_route=\/wp\/v2\/pages"}],"about":[{"href":"http:\/\/czozz.ugporaj.pl\/index.php?rest_route=\/wp\/v2\/types\/page"}],"author":[{"embeddable":true,"href":"http:\/\/czozz.ugporaj.pl\/index.php?rest_route=\/wp\/v2\/users\/1"}],"replies":[{"embeddable":true,"href":"http:\/\/czozz.ugporaj.pl\/index.php?rest_route=%2Fwp%2Fv2%2Fcomments&post=19"}],"version-history":[{"count":4,"href":"http:\/\/czozz.ugporaj.pl\/index.php?rest_route=\/wp\/v2\/pages\/19\/revisions"}],"predecessor-version":[{"id":385,"href":"http:\/\/czozz.ugporaj.pl\/index.php?rest_route=\/wp\/v2\/pages\/19\/revisions\/385"}],"wp:attachment":[{"href":"http:\/\/czozz.ugporaj.pl\/index.php?rest_route=%2Fwp%2Fv2%2Fmedia&parent=19"}],"curies":[{"name":"wp","href":"https:\/\/api.w.org\/{rel}","templated":true}]}}

Zarząd

<table border="0" width="678" cellspacing="0" cellpadding="0">
<tbody>
<tr>
<td class="imTD cbkc6 cbct1 cbcl1" valign="middle">
<p class="imAlign_left"><strong><span class="ff2 fc0 fs10 ">Prezes</span></strong></p>
</td>
<td class="imTD cbkc6 cbct1 cbcl1" valign="middle">
<p class="imAlign_left"><span class="ff3 fc0 fs10 ">Piotr Klimecki</span></p>
</td>
<td class="imTD cbkc6 cbct1 cbcl1 cbcr1" valign="middle">
<p class="imAlign_center"><span class="ff3 fc0 fs10 ">506 206 386</span></p>
</td>
</tr>
<tr>
<td class="imTD cbkc6 cbct1 cbcl1" valign="middle">
<p class="imAlign_left"><strong><span class="ff2 fc0 fs10 ">Wiceprezes ds Organizacyjnych</span></strong></p>
</td>
<td class="imTD cbkc6 cbct1 cbcl1" valign="middle">
<p class="imAlign_left"><span class="ff3 fc0 fs10 ">Adam Zaczkowski</span></p>
</td>
<td class="imTD cbkc6 cbct1 cbcl1 cbcr1" valign="middle">
<p class="imAlign_center"><span class="ff3 fc0 fs10 ">606 442 709</span></p>
</td>
</tr>
<tr>
<td class="imTD cbkc6 cbct1 cbcl1" valign="middle">
<p class="imAlign_left"><strong><span class="ff2 fc0 fs10 ">Wiceprezes ds Szkolenia</span></strong></p>
</td>
<td class="imTD cbkc6 cbct1 cbcl1" valign="middle">
<p class="imAlign_left"><span class="ff3 fc0 fs10 ">Małgorzata Kamieniecka</span></p>
</td>
<td class="imTD cbkc6 cbct1 cbcl1 cbcr1" valign="middle">
<p class="imAlign_center"><span class="ff3 fc0 fs10 ">666 025 877</span></p>
</td>
</tr>
<tr>
<td class="imTD cbkc6 cbct1 cbcl1" valign="middle">
<p class="imAlign_left"><strong><span class="ff2 fc0 fs10 ">Wiceprezes ds Technicznych</span></strong></p>
</td>
<td class="imTD cbkc6 cbct1 cbcl1" valign="middle">
<p class="imAlign_left"><span class="ff3 fc0 fs10 ">Mateusz Jura</span></p>
</td>
<td class="imTD cbkc6 cbct1 cbcl1 cbcr1" valign="middle">
<p class="imAlign_center">
</td>
</tr>
<tr>
<td class="imTD cbkc6 cbct1 cbcl1" valign="middle">
<p class="imAlign_left"><strong><span class="ff2 fc0 fs10 ">Wiceprezes ds </span><span class="ff3 fc0 fs10 ">Sportu</span></strong></p>
</td>
<td class="imTD cbkc6 cbct1 cbcl1" valign="middle">
<p class="imAlign_left"><span class="ff3 fc2 fs10 ">Piotr Cieślak</span></p>
</td>
<td class="imTD cbkc6 cbct1 cbcl1 cbcr1" valign="middle">
<p class="imAlign_center"><span class="ff3 fc2 fs10 ">536 394 200</span></p>
</td>
</tr>
<tr>
<td class="imTD cbkc6 cbct1 cbcl1" valign="middle">
<p class="imAlign_left"><strong><span class="ff3 fc0 fs10 ">Sekretarz</span></strong></p>
</td>
<td class="imTD cbkc6 cbct1 cbcl1" valign="middle">
<p class="imAlign_left"><span class="ff3 fc0 fs10 ">Dagmara Michalec</span></p>
</td>
<td class="imTD cbkc6 cbct1 cbcl1 cbcr1" valign="middle">
<p class="imAlign_center"><span class="ff3 fc0 fs10 ">795 924 101</span></p>
</td>
</tr>
<tr>
<td class="imTD cbkc6 cbct1 cbcl1" valign="middle">
<p class="imAlign_left"><strong><span class="ff3 fc0 fs10 ">Skarbnik</span></strong></p>
</td>
<td class="imTD cbkc6 cbct1 cbcl1" valign="middle">
<p class="imAlign_left"><span class="ff3 fc2 fs10 ">Hubert Świerczyński </span></p>
</td>
<td class="imTD cbkc6 cbct1 cbcl1 cbcr1" valign="middle">
<p class="imAlign_center">
</td>
</tr>
</tbody>
</table>

<p>Prezes Piotr Klimecki 506 206 386 Wiceprezes ds Organizacyjnych Adam Zaczkowski 606 442 709 Wiceprezes ds Szkolenia Małgorzata Kamieniecka 666 025 877 Wiceprezes ds Technicznych Mateusz Jura Wiceprezes ds Sportu Piotr Cieślak 536 394 200 Sekretarz Dagmara Michalec 795 924 101 Skarbnik Hubert Świerczyński </p>
